ond derivative of -s**5/5 - s**4/4 - s**3/2 - s**2 + 14*s. Determine u(-2).
24
Let y = -366 + 360. Let d(v) = 3*v**2 + 3*v - 3. Let u(c) = -10*c**2 - 8*c + 8. Let m(p) = -7*d(p) - 2*u(p). Determine m(y).
-1
Let y(m) be the first derivative of 4*m**2 + m - 36. Calculate y(2).
17
Let s(r) = -35 - 38 + 70 - r. Give s(-7).
4
Let d(r) be the third derivative of -7*r**6/120 - r**5/60 - r**4/24 - 6*r**2 - 4*r. Determine d(-1).
7
Let s be (2/(-6))/(4/(-60)). Let p(k) = -2*k - 4 + 1 + s*k. Let r = -4 + 7. Determine p(r).
6
Let n(v) = v - 5. Let d be n(0). Let y(w) = w**2 + 8*w + 5. Give y(d).
-10
Let o(v) = 3*v - 1 + 4*v**2 + 4*v**2 - 4*v**2 - 3*v**2. Let u = -2 - 1. Determine o(u).
-1
Let g(w) be the first derivative of -w**5/30 + w**4/12 - 4*w**3/3 + 2. Let i(y) be the third derivative of g(y). Determine i(2).
-6
Let u(a) = 7*a**3 - 21*a**2 + 8*a. Let n(q) = q**3 - 2*q**2 + 1. Let f(j) = -6*n(j) + u(j). Give f(8).
-6
Let l(j) = j**2 + 3*j + 4. Suppose -3*q + 2*q + 6 = 0. Suppose -8 = -2*r - 2*r. Suppose q = -r*k - 2. What is l(k)?
8
Let c(y) = y**3 + 2*y**2 + 2. Let g = -9 + 12. Suppose 3*h - g = -12. Calculate c(h).
-7
Let p(l) be the third derivative of l**8/20160 + l**7/1008 - l**6/90 + l**5/12 - l**2. Let g(f) be the third derivative of p(f). Calculate g(-6).
-2
Let a(w) = 5*w**3 - 13*w**2 - 2*w - 6. Let f(x) = x**3 - x**2. Let c(l) = a(l) - 6*f(l). Determine c(-7).
8
Let m(z) = 5*z + 1. Let y be 0 + 2/(-4)*-4. Let h be (-2)/12*y*-6. Suppose 0 = -5*g - 4*q + 21, -2*g + 22 = h*q + 3*q. Determine m(g).
6
Let b(d) = d. Let f(h) = 5*h + 8. Let j(y) = -4*b(y) + f(y). Determine j(-7).
1
Let z(p) = -p**3 - 5*p**2 - 4*p + 2. Let w be (0 + -2)/((-6)/(-12)). Let g be z(w). Let a(q) = -6 - 2*q - 2*q**2 + 3*q**g + 4*q + 2*q. What is a(-5)?
-1
Let f(g) = -g**2 + 11*g + 16. Let d be f(12). Let v(x) = -3*x + d*x + 3*x + 1 - 5*x. Calculate v(-4).
5
Let i(n) = -3*n**2 + n + 3. Let h(b) = -13*b**2 + 5*b + 11. Let a(z) = 2*h(z) - 9*i(z). Let v be a(0). Let p(d) = -d**2 - 6*d - 6. Give p(v).
-1
Let l(z) = 22*z + 3*z**2 + 3*z**3 - 42*z + 17*z - 2*z**3. Calculate l(-3).
9
Suppose 2*m - 175 = -3*m. Suppose 4*t + 2*z - m = -3*z, 0 = -2*t - z + 13. Let q(b) = -b**3 + 6*b**2 - 4*b. Give q(t).
5
Let g(x) be the first derivative of x**5/20 + x**4/3 + x**3/2 + 3*x**2/2 + x + 2. Let a(b) be the first derivative of g(b). Determine a(-3).
3
Let h(l) = l + 8. Let w be h(-7). Suppose -3*n - 14 = w. Let x(r) = -6*r - 5. Let g(d) = 11*d + 10. Let t(o) = -4*g(o) - 7*x(o). Calculate t(n).
5
Let w(x) = 2*x**3 + 0*x**3 - 5*x**3 + x + 4*x**3. Determine w(2).
10
Let g(r) = -9*r**2 - 1. Let n(b) = -2*b + 25. Let y be n(12). Calculate g(y).
-10
Let s(p) = 5*p + 6*p**2 + 0*p - 4*p. Suppose 29*q + 36 = 7. Calculate s(q).
5
Let i(f) = -f**2 - f + 3. Let t be i(3). Let q be (t/6)/(2/8). Let x = 11 + q. Let m(d) = d**3 - 5*d**2. Determine m(x).
0
Let o(l) = 3*l**2 - l - 2. Let t(c) = -c**2 - 3*c - 4*c - 4 + 2 + 4. Let x be t(-7). Determine o(x).
8
Let a(p) = p - 1. Let w(o) = -10*o + 2. Let g(m) = -2*a(m) - w(m). What is g(-1)?
-8
Let j(n) = n. Let l be (-5)/5 - (0 - 1). Give j(l).
0
Let f(i) = -i**3 - 8*i**2 + 9*i + 1. Let j be f(-9). Let c(m) = -j + m**2 + 2 - 9 + 2*m + 2*m. Give c(-6).
4
Let u(n) = 6*n + 5. Let c be u(0). Let p(l) = -5*l + 7. Calculate p(c).
-18
Let n be 3 - 1 - (2 - 1). Let l(g) = g + 3. Let x be l(3). Let j(d) = -x*d**3 - d**2 + 5*d**3 + 2*d - 3*d**3 - 1. What is j(n)?
-4
Let c be (-24)/56 - (-3)/7. Let i(u) = -u**2 + 3. What is i(c)?
3
Let p(o) be the third derivative of -o**4/24 + 8*o**2. Let s be 1 - (-4)/(4 + -8). Determine p(s).
0
Let a be ((-1)/(-2) + 9/(-18))/2. Let t(n) = n - 5. Determine t(a).
-5
Suppose -9 = 5*m + 16. Let n be 0/(1/(-1)) - -5. Let z(v) = 5*v**2 - n + 2*v + v**3 - v + 2. What is z(m)?
-8
Let s(d) = -5*d**3 - 12*d**2 - 2*d + 5. Let g(o) = -4*o**3 - 11*o**2 - 2*o + 5. Let r(c) = 6*g(c) - 5*s(c). Determine r(6).
-7
Let d be (-8)/10*5/(-2). Suppose -20 = -7*a + d*a. Suppose a*o + 5 = -o. Let s(r) = 7*r - 1. What is s(o)?
-8
Let d(h) be the third derivative of -h**7/840 - h**6/720 + h**5/120 + h**4/8 - 2*h**2. Let o(f) be the second derivative of d(f). Calculate o(-2).
-9
Let x(p) be the third derivative of -p**4/8 - 16*p**2. Let n be ((-12)/(-4))/((-6)/(-4)). Give x(n).
-6
Let u(n) be the third derivative of -n**6/120 + n**4/24 + n**3/6 + 2*n**2. Determine u(0).
1
Let m(p) = p**3 + p**2 - p - 4. Let w be (3 + -7)/(1 + -2). Suppose -5*i = -4*y - 0*y, 4*i = -w*y. Determine m(i).
-4
Let q be (-2)/6 + 2/6. Let c(j) = j**2 + j - 5. Let y be c(q). Let x = -8 - y. Let i(z) = -z - 3. What is i(x)?
0
Let d(x) = x**2 + 7*x. Let l = 22 + -27. Give d(l).
-10
Let y(r) = -r**3 + 3*r**2 - 3*r + 1. Let u = -28 - -47. Suppose 3*f - 21 = 3*w, -4*w + 13 = 2*f - u. Let o = f + -8. Determine y(o).
-1
Suppose g = 2*g. Let o be -1 + -1 - (g - 0). Let a(z) = -2*z**2 + z**2 + 1 - 2*z + 0*z**2. What is a(o)?
1
Let c(b) = -b + 10. Suppose -3*f - 10 = -f, -3*f = 3*x. Determine c(x).
5
Let s(i) be the second derivative of -i**4/12 - i**3/2 - i**2/2 + 6*i. Give s(-3).
-1
Suppose -6 + 16 = 5*n. Let b(c) = 0*c**2 + n*c**2 + c**2. Calculate b(-1).
3
Let a(t) = 1 + 6*t**3 + 3*t + t + t**2 - 3*t. Let r = -8 - -13. Suppose -r*p - 2 = 3. Determine a(p).
-5
Let s = 12 - 9. Let k(h) = h - 3. Give k(s).
0
Let b(s) = -5*s + 4 + 0*s**2 + 0*s - s**2. Let v(o) = o**3 - 5*o**2 - 5. Let m be (-4)/6 - (-17)/3. Let z be v(m). Determine b(z).
4
Let z(c) = -c**2 + 3*c + 2. Let y = 0 + 2. Suppose -2*f + 4 = y*s, -4*f = s + s. Let p be z(s). Let r(n) = -n**2 + 4*n + 3. Determine r(p).
-9
Suppose 4*q + 8 = -28. Let b(l) = 11*l**2 + 5*l. Let v(r) = 23*r**2 + 11*r. Let u(f) = q*b(f) + 4*v(f). Give u(1).
-8
Suppose -7*x + 10 = -2*x. Let i = 7 - x. Let t(l) = -3 - i + 1 + 2*l - l. Give t(5).
-2
Let q(p) = -3*p - 7. Let m(b) = b**2 + 6*b. Let i be m(-6). Suppose r + r + 18 = 2*n, 5*r = -5. Suppose i = -4*j - n - 12. Give q(j).
8
Let o(s) = -4*s + 1. Let v = -9 - -15. Suppose -2 = i - v. Suppose -5*j = -j + i. Calculate o(j).
5
Suppose -2*d + 2*r + 4 = 2*d, 3*r = 5*d - 4. Let m(z) = -11 - 4*z**2 - z**3 + 4*z + 8 + 3*z**2. Determine m(d).
-7
Let y(k) = -3*k**2 + k**3 + 1 + 2*k**2 - 2*k**2. Let v be y(2). Let x(j) be the first derivative of j**2/2 - 4*j + 4. Calculate x(v).
-7
Let h be -1 - -1 - (-154)/11. Let l = 19 - h. Let x(u) = -2*u**2 + 8*u - 4. What is x(l)?
-14
Let z(t) = t**2 - t. Let p(b) = 7*b**2 - b + 3. Let i(k) = p(k) - 6*z(k). Give i(-4).
-1
Let i(m) be the third derivative of -m**4/8 - m**3/3 + 5*m**2. Let v be (3 + (-15)/6)*-10. Determine i(v).
13
Suppose 3*z - 12 = -0*z. Let y(u) be the third derivative of -u**5/60 + u**4/6 + 2*u**3/3 - 26*u**2. Give y(z).
4
Let a(p) = -6*p**2 - 4*p - 2. Let x(q) = 10*q - 22. Let y be x(2). Determine a(y).
-18
Let k(z) = -5*z**2 + 7*z + 4. Let l(t) = -3*t**2 - 3*t**2 + 4 + 8*t + 0*t**2. Let j(q) = -5*k(q) + 4*l(q). Determine j(3).
-4
Let y be (-16)/20 - 21/5. Let j(m) = -2*m - 4. What is j(y)?
6
Let b(p) = p - 2. Let n(s) = 3*s - 3. Let u be n(3). Let i = u - 3. Suppose -2*k - i*k - 20 = 0. What is b(k)?
-6
Let a(v) = -2 + 2 - v**2 - 1 - 3*v + 5*v. Let x be 1 - (0 - (2 + 0)). Let b be a(x). Let f(i) = i**3 + 4*i**2 + 2. Calculate f(b).
2
Let m(o) = 2*o**2 + 2*o - 1. Let u be m(-2). Suppose -h - 5*q = 22, 0*h = u*h + 4*q + 11. Let w(c) = -2*c - h - 4*c + 2*c + c. What is w(-3)?
6
Let p be 0/2 + -3 + 1. Let j(f) = -3*f**2 - 3*f - 1. Determine j(p).
-7
Let a(q) = q + 3. Let d = -4 + 8. Calculate a(d).
7
Let c(m) = 4*m - 2*m + 3*m + 4 - 2. Give c(-2).
-8
Let v(x) = -x**2 - x + 1. Let o(m) = -3*m - 12. Let t be o(-3). Calculate v(t).
-5
Let m be (-1 - -1)*(4 - (1 - -2)). Let z(x) = x - 4. Give z(m).
-4
Let d(s) = -s**2 - 5*s + 1. Let x be (1*(-4)/(-6) + 0)*-6. What is d(x)?
5
Let s(b) = -11*b**2 + b - 1. Let r(v) = v**3 + 7*v**2 + 11*v + 6. Let q be r(-5). What is s(q)?
-11
Suppose 0 = -3*q + 62 + 13. Suppose -l = 2*l. Suppose l*h = -5*h + q. Let v(k) = -k. Determine v(h).
-5
Let o be (1 - 2 - -4) + 2. Suppose -l = 2*n + 6, 3 + 11 = l - 3*n. Let q(v) = v + v**2 - 2 - 2*v - l*v. Determine q(o).
8
Let z(h) = -h. Let c = -11 - -10. Let s(t) = -3. Let d(o) = c*s(o) - 4*z(o). Calculate d(-2).
-5
Let t be (-8)/(-3) - 2/(-6). Suppose 5*m + 10 = t*o, 13 = -4*m + 5*o -